{"id":737,"date":"2026-03-21T18:20:14","date_gmt":"2026-03-21T18:20:14","guid":{"rendered":"https:\/\/pbcag.ch\/?page_id=737"},"modified":"2026-04-09T14:52:03","modified_gmt":"2026-04-09T14:52:03","slug":"kontakt-2","status":"publish","type":"page","link":"https:\/\/pbcag.ch\/?page_id=737","title":{"rendered":"Kontakt"},"content":{"rendered":"<h2 class=\"wp-block-heading\">Kommunikation<\/h2>\r\n<p class=\"isSelectedEnd\"><!-- \/wp:post-content -->\r\n\r\n<!-- wp:heading {\"level\":4} --><\/p>\r\n<h3 class=\"wp-block-heading\"><span style=\"color: #808080;\"><strong>Gerne stehen wir Ihnen f\u00fcr allf\u00e4llige Fragen zur Verf\u00fcgung<\/strong><\/span><\/h3>\r\n<p>&nbsp;<\/p>\r\n<p class=\"isSelectedEnd\"><!-- \/wp:heading -->\r\n\r\n<!-- wp:image --><\/p>\r\n<p class=\"isSelectedEnd\"><!-- \/wp:image -->\r\n\r\n<!-- wp:heading {\"level\":3} --><\/p>\r\n<h3><img fetchpriority=\"high\" decoding=\"async\" class=\"alignnone size-medium wp-image-332\" src=\"https:\/\/pbcag.ch\/wp-content\/uploads\/2026\/03\/Contact-300x225.jpg\" alt=\"\" width=\"300\" height=\"225\" srcset=\"https:\/\/pbcag.ch\/wp-content\/uploads\/2026\/03\/Contact-300x225.jpg 300w, https:\/\/pbcag.ch\/wp-content\/uploads\/2026\/03\/Contact-1024x768.jpg 1024w, https:\/\/pbcag.ch\/wp-content\/uploads\/2026\/03\/Contact-768x576.jpg 768w, https:\/\/pbcag.ch\/wp-content\/uploads\/2026\/03\/Contact-1536x1152.jpg 1536w, https:\/\/pbcag.ch\/wp-content\/uploads\/2026\/03\/Contact.jpg 1600w\" sizes=\"(max-width: 300px) 100vw, 300px\" \/><\/h3>\r\n<p>&nbsp;<\/p>\r\n<h3 class=\"wp-block-heading\"><span style=\"color: #808080;\">Sie erreichen uns unter:<\/span><\/h3>\r\n<p><span style=\"color: #808080;\"><!-- \/wp:heading -->\r\n\r\n<!-- wp:heading {\"level\":4} --><\/span><\/p>\r\n<h4 class=\"wp-block-heading\"><span style=\"color: #808080;\">Email:\u00a0 \u00a0 \u00a0 \u00a0 \u00a0info@pbcag.ch<\/span><\/h4>\r\n<p><span style=\"color: #808080;\"><!-- \/wp:heading -->\r\n\r\n<!-- wp:heading {\"level\":4} --><\/span><\/p>\r\n<h4><span style=\"color: #808080;\">Handy:\u00a0 \u00a0 \u00a0 \u00a0+41 79 902 13 40<\/span><\/h4>\r\n<p>&nbsp;<\/p>\r\n<h3>Kontaktadresse:<\/h3>\r\n<h4>Performance Builders Consulting AG <br \/>Im Obertor 2 <br \/>CH-8266 Steckborn <br \/>Schweiz<\/h4>\r\n<!-- \/wp:heading -->\r\n\r\n<!-- wp:paragraph -->\r\n<p>&nbsp;<\/p>","protected":false},"excerpt":{"rendered":"<p>Kommunikation Gerne stehen wir Ihnen f\u00fcr allf\u00e4llige Fragen zur Verf\u00fcgung &nbsp; &nbsp; Sie erreichen uns unter: Email:\u00a0 \u00a0 \u00a0 \u00a0 \u00a0info@pbcag.ch Handy:\u00a0 \u00a0 \u00a0 \u00a0+41 79 902 13 40 &nbsp; Kontaktadresse: Performance Builders Consulting AG Im Obertor 2 CH-8266 Steckborn Schweiz &nbsp;<\/p>\n","protected":false},"author":1,"featured_media":0,"parent":0,"menu_order":0,"comment_status":"closed","ping_status":"closed","template":"","meta":{"om_disable_all_campaigns":false,"_monsterinsights_skip_tracking":false,"_monsterinsights_sitenote_active":false,"_monsterinsights_sitenote_note":"","_monsterinsights_sitenote_category":0,"footnotes":""},"class_list":["post-737","page","type-page","status-publish","hentry"],"_links":{"self":[{"href":"https:\/\/pbcag.ch\/index.php?rest_route=\/wp\/v2\/pages\/737","targetHints":{"allow":["GET"]}}],"collection":[{"href":"https:\/\/pbcag.ch\/index.php?rest_route=\/wp\/v2\/pages"}],"about":[{"href":"https:\/\/pbcag.ch\/index.php?rest_route=\/wp\/v2\/types\/page"}],"author":[{"embeddable":true,"href":"https:\/\/pbcag.ch\/index.php?rest_route=\/wp\/v2\/users\/1"}],"replies":[{"embeddable":true,"href":"https:\/\/pbcag.ch\/index.php?rest_route=%2Fwp%2Fv2%2Fcomments&post=737"}],"version-history":[{"count":9,"href":"https:\/\/pbcag.ch\/index.php?rest_route=\/wp\/v2\/pages\/737\/revisions"}],"predecessor-version":[{"id":753,"href":"https:\/\/pbcag.ch\/index.php?rest_route=\/wp\/v2\/pages\/737\/revisions\/753"}],"wp:attachment":[{"href":"https:\/\/pbcag.ch\/index.php?rest_route=%2Fwp%2Fv2%2Fmedia&parent=737"}],"curies":[{"name":"wp","href":"https:\/\/api.w.org\/{rel}","templated":true}]}}