{"id":175,"date":"2026-03-07T19:50:06","date_gmt":"2026-03-07T19:50:06","guid":{"rendered":"https:\/\/pbcag.ch\/?page_id=175"},"modified":"2026-04-10T05:54:44","modified_gmt":"2026-04-10T05:54:44","slug":"9-academia","status":"publish","type":"page","link":"https:\/\/pbcag.ch\/?page_id=175","title":{"rendered":"Academy"},"content":{"rendered":"<h2><strong>Managemententwicklung f\u00fcr technische Unternehmen<\/strong><\/h2>\n<hr \/>\n<p style=\"text-align: justify;\"><strong><span style=\"font-family: helvetica, arial, sans-serif; font-size: 18pt;\">Nachhaltige Ver\u00e4nderung gelingt nur, wenn Ihre Mitarbeiter und Ihre F\u00fchrungskr\u00e4fte die Methoden nicht nur kennen, sondern sie auch beherrschen. In unserer Akademie verbinden wir betriebswirtschaftliche Methodik mit ingenieurstechnischer Pr\u00e4zision. <\/span><\/strong><\/p>\n<p style=\"text-align: justify;\"><span style=\"color: #808080;\"><span style=\"font-family: helvetica, arial, sans-serif; font-size: 18pt;\">Wir bieten keine klassische Frontalbeschallung in Seminarr\u00e4umen, sondern arbeiten in Workshop-Serien direkt an Ihren echten Kundenf\u00e4llen und Projekten. Ob es darum geht, Projektleiter zu \u201eUnternehmern im Unternehmen\u201c auszubilden oder den technischen Vertrieb zu bef\u00e4higen, komplexe Features in echten \u00f6konomischen Mehrwert f\u00fcr den Kunden zu \u00fcbersetzen \u2013 wir verwandeln Expertenwissen in marktf\u00e4hige Resultate.<\/span><\/span><\/p>\n<p>&nbsp;<\/p>\n<h3><!--more--><\/h3>\n<p><strong><span style=\"color: #333333; font-family: helvetica, arial, sans-serif; font-size: 18pt;\">Unsere Academy verbindet:<\/span><\/strong><\/p>\n<ul>\n<li><span style=\"color: #808080; font-family: helvetica, arial, sans-serif; font-size: 18pt;\">betriebswirtschaftliche Methodik<\/span><\/li>\n<li><span style=\"color: #808080; font-family: helvetica, arial, sans-serif; font-size: 18pt;\">technische Praxis<\/span><\/li>\n<li><span style=\"color: #808080; font-family: helvetica, arial, sans-serif; font-size: 18pt;\">reale Unternehmenssituationen<\/span><\/li>\n<\/ul>\n<p>&nbsp;<\/p>\n<hr \/>\n<p style=\"text-align: justify;\" data-path-to-node=\"26\"><span style=\"color: #808080; font-family: helvetica, arial, sans-serif; font-size: 18pt;\">Wenn Ihre Mitarbeiter auch schwierige Punkte in einem Erstgespr\u00e4ch ansprechen, wirkt das extrem professionell. Man verkauft keine Produkt sondern eine <b data-path-to-node=\"26\" data-index-in-node=\"199\">erfolgreiche Transformation, unter Umst\u00e4nden sogar einen unternehmerischen Change.<\/b><\/span><\/p>\n<p>&nbsp;<\/p>\n<p>&nbsp;<\/p>\n<p style=\"text-align: justify;\"><span style=\"color: #333333; font-family: helvetica, arial, sans-serif; font-size: 18pt;\">Unser Basis-Programm: <\/span><\/p>\n<p style=\"text-align: justify;\"><span style=\"color: #808080; font-family: helvetica, arial, sans-serif; font-size: 18pt;\">Management-Workshops f\u00fcr technische\/IT Unternehmen <\/span><\/p>\n<ul>\n<li style=\"text-align: justify;\"><span style=\"color: #808080; font-family: helvetica, arial, sans-serif; font-size: 18pt;\">f\u00fcr Projektleiter\/CEO und f\u00fcr Sales\/CEO:\u00a0<\/span><\/li>\n<\/ul>\n<hr \/>\n<p><span style=\"color: #808080; font-family: helvetica, arial, sans-serif; font-size: 18pt;\">Projektleiter-Ausbildung:<\/span><\/p>\n<p><span style=\"font-family: helvetica, arial, sans-serif; font-size: 14pt;\"><strong>Folgende Fragestellungen und Themen werden diskutiert und ge\u00fcbt:<\/strong><\/span><\/p>\n<ul>\n<li><span style=\"font-family: helvetica, arial, sans-serif; font-size: 14pt;\">Wie sollte ein Kunde sich auf eine ERP Evaluation vorbereiten<\/span><\/li>\n<li><span style=\"font-family: helvetica, arial, sans-serif; font-size: 14pt;\">Was kann der Kunde sonst noch im Vorfeld einer geplanten ERP Evaluation &#8218;inhaltlich&#8216; vorbereiten<\/span><\/li>\n<li><span style=\"font-family: helvetica, arial, sans-serif; font-size: 14pt;\">Macht es Sinn, generische Anforderungskataloge \/ Vorlagen anzuwenden<\/span><\/li>\n<li><span style=\"font-family: helvetica, arial, sans-serif; font-size: 14pt;\">Sollten Kunden etxterne, produktneutrale Berater zur Unterst\u00fctzung einer ERP Evaluation mit ins Boot holen<\/span><\/li>\n<li><span style=\"font-family: helvetica, arial, sans-serif; font-size: 14pt;\">Wie sieht die Entscheidungsfindung des Kunden in der Realit\u00e4t aus<\/span><\/li>\n<li><span style=\"font-family: helvetica, arial, sans-serif; font-size: 14pt;\">Wie erfolgen Absagen an die L\u00f6sungsanbieter<\/span><\/li>\n<li><span style=\"font-family: helvetica, arial, sans-serif; font-size: 14pt;\">Welche Bereiche und Phasen einer ERP Evaluation kann eine externe Beratung einen Kunden wirklich sinnvoll unterst\u00fctzen<\/span><\/li>\n<li><span style=\"font-family: helvetica, arial, sans-serif; font-size: 14pt;\">Welche Ressourcen sind f\u00fcr eine ERP Evaluation und ERP Einf\u00fchrung seitens Kunden zu planen<\/span><\/li>\n<li><span style=\"font-family: helvetica, arial, sans-serif; font-size: 14pt;\">Wie sollte ein ERP Vertragswerk aufgebaut sein<\/span><\/li>\n<li><span style=\"font-family: helvetica, arial, sans-serif; font-size: 14pt;\">Wie sieht das Change Management im ERP Implementierungsprojekt aus<\/span><\/li>\n<li><span style=\"font-family: helvetica, arial, sans-serif; font-size: 14pt;\">Wie sehen die Anforderungen an das Projektmanagement vor und w\u00e4hrend der Implementierung aus<\/span><\/li>\n<li><span style=\"font-family: helvetica, arial, sans-serif; font-size: 14pt;\">Wo gehen die W\u00fcnsche des Kunden an eine neue ERP L\u00f6sung,und das was am Ende implementiert wird, am Ende am weitesten auseinander<\/span><\/li>\n<li><span style=\"font-family: helvetica, arial, sans-serif; font-size: 14pt;\">Wo sind die gr\u00f6ssten Risiken in ERP Projekten<\/span><\/li>\n<\/ul>\n<p>&nbsp;<\/p>\n<p><span style=\"font-family: helvetica, arial, sans-serif; font-size: 18pt;\"><!--more--><\/span><\/p>\n<p><span style=\"color: #808080; font-family: helvetica, arial, sans-serif; font-size: 18pt;\">Marketing &amp; Sales Excellence<\/span><\/p>\n<p><span style=\"font-family: helvetica, arial, sans-serif; font-size: 14pt;\"><strong>Folgende Fragestellungen und Themen werden diskutiert und ge\u00fcbt:<\/strong><\/span><\/p>\n<ul>\n<li><span style=\"font-family: helvetica, arial, sans-serif; font-size: 14pt;\">Der Marketing-Mix im ERP-Kontext (Die 7 Ps)<\/span><\/li>\n<li><span style=\"font-family: helvetica, arial, sans-serif; font-size: 14pt;\">Die Realit\u00e4t der Entscheidungsfindung<\/span><\/li>\n<li><span style=\"font-family: helvetica, arial, sans-serif; font-size: 14pt;\">Strategisches Verkaufen: Den Kunden verstehen<\/span><\/li>\n<li><span style=\"font-family: helvetica, arial, sans-serif; font-size: 14pt;\">Vorbereitung &amp; Hausaufgaben des Kunden<\/span><\/li>\n<li><span style=\"font-family: helvetica, arial, sans-serif; font-size: 14pt;\">Methodik: Anforderungskataloge &amp; Berater<\/span><\/li>\n<li><span style=\"font-family: helvetica, arial, sans-serif; font-size: 14pt;\">Generische Anforderungskataloge vs. Prozess-Szenarien<\/span><\/li>\n<li><span style=\"font-family: helvetica, arial, sans-serif; font-size: 14pt;\">Evaluation &amp; Vorbereitung (Deep Dive)<\/span><\/li>\n<li><span style=\"font-family: helvetica, arial, sans-serif; font-size: 14pt;\">Die gr\u00f6\u00dften Risiken (Top 3)<\/span><\/li>\n<li><span style=\"font-family: helvetica, arial, sans-serif; font-size: 14pt;\">Die Rolle externer Berater<\/span><\/li>\n<li><span style=\"font-family: helvetica, arial, sans-serif; font-size: 14pt;\">Change Management &amp; Implementierung<\/span><\/li>\n<li><span style=\"font-family: helvetica, arial, sans-serif; font-size: 14pt;\">Psychologie der Entscheidung &amp; Absagemanagement<\/span><\/li>\n<li><span style=\"font-family: helvetica, arial, sans-serif; font-size: 14pt;\">Wo Erwartung und Realit\u00e4t kollidieren \/ Erwartung vs. Realit\u00e4t: Die &#8222;Gap&#8220;-Analyse<\/span><\/li>\n<li><span style=\"font-family: helvetica, arial, sans-serif; font-size: 14pt;\">Ressourcen &amp; Vertragswerk<\/span><\/li>\n<li><span style=\"font-family: helvetica, arial, sans-serif; font-size: 14pt;\">Vertragswerk &amp; Change Management (Die Sales-Sicht)<\/span><\/li>\n<\/ul>\n<p>&nbsp;<\/p>\n<p><span style=\"color: #808080; font-family: helvetica, arial, sans-serif; font-size: 18pt;\"><!--more--><\/span><\/p>\n<p><span style=\"font-size: 18pt; font-family: helvetica, arial, sans-serif; color: #808080;\"><strong>IT Projektumsetzung:\u00a0 Remote oder vor Ort<\/strong><\/span><\/p>\n<p><span style=\"font-family: helvetica, arial, sans-serif; font-size: 14pt;\"><strong>Folgende Fragestellungen und Themen werden diskutiert und ge\u00fcbt:<\/strong><\/span><\/p>\n<ul>\n<li><span style=\"font-family: helvetica, arial, sans-serif; font-size: 14pt;\">Ausgangslage der Diskussion<\/span>\n<ul>\n<li><span style=\"font-family: helvetica, arial, sans-serif; font-size: 14pt;\">Warum haben sich IT Projekte die letzten Jahre vielfach von \u201evor Ort beim Kunden\u201c zu \u201eRemote Projekten\u201c gewandelt<\/span><\/li>\n<li><span style=\"font-family: helvetica, arial, sans-serif; font-size: 14pt;\">Welche IT Projekte machen mehrheitlich eher vor Ort Sinn<\/span><\/li>\n<li><span style=\"font-family: helvetica, arial, sans-serif; font-size: 14pt;\">Welche IT Projekte eignen sich mehrheitlich eher f\u00fcr Remote<\/span><\/li>\n<\/ul>\n<\/li>\n<li><span style=\"font-family: helvetica, arial, sans-serif; font-size: 14pt;\">Verlagerung von \u201evor Ort\u201c IT Projekten zu \u201eRemote\u201c Projekten (historisch)<\/span>\n<ul>\n<li><span style=\"font-family: helvetica, arial, sans-serif; font-size: 14pt;\">Betrachtung bis 2020<\/span><\/li>\n<li><span style=\"font-family: helvetica, arial, sans-serif; font-size: 14pt;\">Betrachtung 2020 bis heute<\/span><\/li>\n<\/ul>\n<\/li>\n<li><span style=\"font-family: helvetica, arial, sans-serif; font-size: 14pt;\">Vor-\/Nachteile \u201eRemote\u201c IT-Projekte<\/span>\n<ul>\n<li><span style=\"font-family: helvetica, arial, sans-serif; font-size: 14pt;\">Inhaltliche Betrachtung<\/span><\/li>\n<li><span style=\"font-family: helvetica, arial, sans-serif; font-size: 14pt;\">Kosten\/Budget\/Einsparungen<\/span><\/li>\n<li><span style=\"font-family: helvetica, arial, sans-serif; font-size: 14pt;\">Mitarbeiter IT Beratung<\/span><\/li>\n<li><span style=\"font-family: helvetica, arial, sans-serif; font-size: 14pt;\">Mitarbeiter Kunde<\/span><\/li>\n<li><span style=\"font-family: helvetica, arial, sans-serif; font-size: 14pt;\">Laufzeit<\/span><\/li>\n<li><span style=\"font-family: helvetica, arial, sans-serif; font-size: 14pt;\">Qualit\u00e4t<\/span><\/li>\n<\/ul>\n<\/li>\n<li><span style=\"font-family: helvetica, arial, sans-serif; font-size: 14pt;\">Vor-\/Nachteile \u201evor Ort\u201c Projekte<\/span>\n<ul>\n<li><span style=\"font-family: helvetica, arial, sans-serif; font-size: 14pt;\">Inhaltliche Betrachtung<\/span><\/li>\n<li><span style=\"font-family: helvetica, arial, sans-serif; font-size: 14pt;\">Kosten\/Budget\/Einsparungen<\/span><\/li>\n<li><span style=\"font-family: helvetica, arial, sans-serif; font-size: 14pt;\">Mitarbeiter IT Beratung<\/span><\/li>\n<li><span style=\"font-family: helvetica, arial, sans-serif; font-size: 14pt;\">Mitarbeiter Kunde<\/span><\/li>\n<li><span style=\"font-family: helvetica, arial, sans-serif; font-size: 14pt;\">Laufzeit Projekte<\/span><\/li>\n<li><span style=\"font-family: helvetica, arial, sans-serif; font-size: 14pt;\">Qualit\u00e4t Projekte<\/span><\/li>\n<\/ul>\n<\/li>\n<li><span style=\"font-family: helvetica, arial, sans-serif; font-size: 14pt;\">Konklusion der Punkte<\/span><\/li>\n<li><span style=\"font-family: helvetica, arial, sans-serif; font-size: 14pt;\">Auf Basis welcher Faktoren sollte ich als Kunde ein IT-Projekt mehrheitlich beim mir vor \u201eOrt realisieren\u201c oder eher mehrheitlich \u201eRemote\u201c<\/span><\/li>\n<\/ul>\n<p>&nbsp;<\/p>\n<p>&nbsp;<\/p>\n<p><!--more--><\/p>\n<table style=\"border-collapse: collapse; width: 98.622%;\">\n<tbody>\n<tr>\n<td style=\"width: 11.9116%;\"><a href=\"https:\/\/pbcag.ch\/?page_id=737\"><span style=\"font-family: helvetica, arial, sans-serif; font-size: 18pt;\"><img decoding=\"async\" class=\"alignnone wp-image-397\" src=\"https:\/\/pbcag.ch\/wp-content\/uploads\/2026\/03\/Telefon-300x162.png\" alt=\"\" width=\"111\" height=\"60\" srcset=\"https:\/\/pbcag.ch\/wp-content\/uploads\/2026\/03\/Telefon-300x162.png 300w, https:\/\/pbcag.ch\/wp-content\/uploads\/2026\/03\/Telefon.png 445w\" sizes=\"(max-width: 111px) 100vw, 111px\" \/><\/span><\/a><\/td>\n<td style=\"width: 87.4626%;\"><span style=\"color: #808080; font-family: helvetica, arial, sans-serif; font-size: 14pt;\">Wir unterst\u00fctzen Ihr Unternehmen mit einem umfangreichen Dienstleistungsangebot. Nutzen Sie unser Knowhow und nehmen Sie Kontakt auf &#8211; von KMU zu KMU.<\/span><\/td>\n<\/tr>\n<\/tbody>\n<\/table>\n<p><span style=\"color: #808080; font-family: helvetica, arial, sans-serif; font-size: 18pt;\">\u00a0<\/span><\/p>\n","protected":false},"excerpt":{"rendered":"<p>Managemententwicklung f\u00fcr technische Unternehmen Nachhaltige Ver\u00e4nderung gelingt nur, wenn Ihre Mitarbeiter und Ihre F\u00fchrungskr\u00e4fte die Methoden nicht nur kennen, sondern sie auch beherrschen. In unserer Akademie verbinden wir betriebswirtschaftliche Methodik mit ingenieurstechnischer Pr\u00e4zision. Wir bieten keine klassische Frontalbeschallung in Seminarr\u00e4umen, sondern arbeiten in Workshop-Serien direkt an Ihren echten Kundenf\u00e4llen und Projekten. Ob es darum geht, Projektleiter zu \u201eUnternehmern im Unternehmen\u201c auszubilden oder den technischen Vertrieb [&hellip;]<\/p>\n","protected":false},"author":1,"featured_media":0,"parent":0,"menu_order":0,"comment_status":"closed","ping_status":"closed","template":"","meta":{"om_disable_all_campaigns":false,"_monsterinsights_skip_tracking":false,"_monsterinsights_sitenote_active":false,"_monsterinsights_sitenote_note":"","_monsterinsights_sitenote_category":0,"footnotes":""},"class_list":["post-175","page","type-page","status-publish","hentry"],"_links":{"self":[{"href":"https:\/\/pbcag.ch\/index.php?rest_route=\/wp\/v2\/pages\/175","targetHints":{"allow":["GET"]}}],"collection":[{"href":"https:\/\/pbcag.ch\/index.php?rest_route=\/wp\/v2\/pages"}],"about":[{"href":"https:\/\/pbcag.ch\/index.php?rest_route=\/wp\/v2\/types\/page"}],"author":[{"embeddable":true,"href":"https:\/\/pbcag.ch\/index.php?rest_route=\/wp\/v2\/users\/1"}],"replies":[{"embeddable":true,"href":"https:\/\/pbcag.ch\/index.php?rest_route=%2Fwp%2Fv2%2Fcomments&post=175"}],"version-history":[{"count":27,"href":"https:\/\/pbcag.ch\/index.php?rest_route=\/wp\/v2\/pages\/175\/revisions"}],"predecessor-version":[{"id":760,"href":"https:\/\/pbcag.ch\/index.php?rest_route=\/wp\/v2\/pages\/175\/revisions\/760"}],"wp:attachment":[{"href":"https:\/\/pbcag.ch\/index.php?rest_route=%2Fwp%2Fv2%2Fmedia&parent=175"}],"curies":[{"name":"wp","href":"https:\/\/api.w.org\/{rel}","templated":true}]}}