{"id":164,"date":"2026-03-07T19:42:39","date_gmt":"2026-03-07T19:42:39","guid":{"rendered":"https:\/\/pbcag.ch\/?page_id=164"},"modified":"2026-04-10T05:54:06","modified_gmt":"2026-04-10T05:54:06","slug":"8-beratungsprogramme","status":"publish","type":"page","link":"https:\/\/pbcag.ch\/?page_id=164","title":{"rendered":"Beratungsprogramme"},"content":{"rendered":"<h2 class=\"wp-block-heading\"><span style=\"font-size: 24pt;\">\u00abWas bleibt, ist die Ver\u00e4nderung; was sich ver\u00e4ndert, bleibt.*\u00bb<\/span><\/h2>\n<hr \/>\n<p style=\"text-align: justify;\"><strong><span style=\"font-family: helvetica, arial, sans-serif; font-size: 18pt;\">Nachhaltige Ver\u00e4nderung entsteht nur, wenn die Mitarbeiter die Methoden verstehen und beherrschen. In unseren Aktivit\u00e4ten verbinden wir strategisches Management-Wissen mit der operativen Entwicklung Ihrer Leistungstr\u00e4ger. Darum beginnen viele Mandate mit einer strukturierten Standortanalyse.<\/span><\/strong><\/p>\n<p>&nbsp;<\/p>\n<hr \/>\n<p><span style=\"font-family: helvetica, arial, sans-serif; font-size: 18pt;\"><!--more--><\/span><\/p>\n<p><span style=\"color: #333333; font-family: helvetica, arial, sans-serif; font-size: 18pt;\"><strong>Unternehmerische Standortbestimmung:<\/strong><\/span><\/p>\n<p><span style=\"font-family: helvetica, arial, sans-serif; font-size: 18pt;\"><!--more--><\/span><\/p>\n<ul>\n<li><span style=\"font-family: helvetica, arial, sans-serif; font-size: 18pt;\"><span style=\"color: #808080;\">Dauer: ca. <\/span><span style=\"color: #808080;\">4\u20136 Wochen<\/span><\/span><\/li>\n<li><span style=\"color: #808080; font-family: helvetica, arial, sans-serif; font-size: 18pt;\">Preis: ca. CHF 12&#8217;000 &#8211; 18&#8217;000<\/span><\/li>\n<\/ul>\n<p><span style=\"font-family: helvetica, arial, sans-serif; font-size: 18pt;\"><!--more--><\/span><\/p>\n<h4><span style=\"color: #808080; font-family: helvetica, arial, sans-serif; font-size: 18pt;\">Analyse:<\/span><\/h4>\n<ul>\n<li><span style=\"color: #808080; font-family: helvetica, arial, sans-serif; font-size: 18pt;\">Organisation und F\u00fchrungsstruktur<\/span><\/li>\n<li><span style=\"color: #808080; font-family: helvetica, arial, sans-serif; font-size: 18pt;\">Prozesse und Informationssysteme (ERP, CRM, BI etc.)<\/span><\/li>\n<li><span style=\"color: #808080; font-family: helvetica, arial, sans-serif; font-size: 18pt;\">Marktposition und Gesch\u00e4ftsmodell<\/span><\/li>\n<li><span style=\"color: #808080; font-family: helvetica, arial, sans-serif; font-size: 18pt;\">Investitionsbedarf<\/span><\/li>\n<li><span style=\"color: #808080; font-family: helvetica, arial, sans-serif; font-size: 18pt;\">Nachfolge Readiness<\/span><\/li>\n<\/ul>\n<h4><span style=\"color: #808080; font-family: helvetica, arial, sans-serif; font-size: 18pt;\">Ergebnis:<\/span><\/h4>\n<ul>\n<li><span style=\"color: #808080; font-family: helvetica, arial, sans-serif; font-size: 18pt;\">Managementbericht<\/span><\/li>\n<li><span style=\"color: #808080; font-family: helvetica, arial, sans-serif; font-size: 18pt;\">klare strategische Priorit\u00e4ten<\/span><\/li>\n<li><span style=\"color: #808080; font-family: helvetica, arial, sans-serif; font-size: 18pt;\">Roadmap f\u00fcr die n\u00e4chsten drei Jahre<\/span><\/li>\n<\/ul>\n<p>&nbsp;<\/p>\n<hr \/>\n<p><span style=\"font-family: helvetica, arial, sans-serif; font-size: 18pt;\"><!--more--><\/span><\/p>\n<p><strong><span style=\"color: #333333; font-family: helvetica, arial, sans-serif; font-size: 18pt;\">Technische Zweitmeinung bei Investitionen<\/span><\/strong><\/p>\n<p><span style=\"font-family: helvetica, arial, sans-serif; font-size: 18pt;\"><!--more--><\/span><\/p>\n<ul>\n<li><span style=\"font-family: helvetica, arial, sans-serif; font-size: 18pt;\"><span style=\"color: #808080;\">Dauer: ca. <\/span><span style=\"color: #808080;\">2\u20133 Wochen<\/span><\/span><\/li>\n<li><span style=\"color: #808080; font-family: helvetica, arial, sans-serif; font-size: 18pt;\">Preis: ca. CHF 5&#8217;000 &#8211; 8&#8217;000<\/span><\/li>\n<\/ul>\n<p><span style=\"font-family: helvetica, arial, sans-serif; font-size: 18pt;\"><!--more--><\/span><\/p>\n<p><span style=\"color: #808080; font-family: helvetica, arial, sans-serif; font-size: 18pt;\">Unabh\u00e4ngige Beurteilung strategischer Investitionen:<\/span><\/p>\n<ul>\n<li><span style=\"color: #808080; font-family: helvetica, arial, sans-serif; font-size: 18pt;\">Produktionsanlagen<\/span><\/li>\n<li><span style=\"color: #808080; font-family: helvetica, arial, sans-serif; font-size: 18pt;\">ERP-Systeme<\/span><\/li>\n<li><span style=\"color: #808080; font-family: helvetica, arial, sans-serif; font-size: 18pt;\">CRM-Systeme<\/span><\/li>\n<li><span style=\"color: #808080; font-family: helvetica, arial, sans-serif; font-size: 18pt;\">Automatisierung<\/span><\/li>\n<li><span style=\"color: #808080; font-family: helvetica, arial, sans-serif; font-size: 18pt;\">Digitalisierung<\/span><\/li>\n<\/ul>\n<p>&nbsp;<\/p>\n<hr \/>\n<p><span style=\"font-family: helvetica, arial, sans-serif; font-size: 18pt;\"><!--more--><\/span><\/p>\n<p style=\"text-align: justify;\"><strong><span style=\"color: #333333; font-family: helvetica, arial, sans-serif; font-size: 18pt;\">Nachfolge- und Struktur-Sparring<\/span><\/strong><\/p>\n<p style=\"text-align: justify;\"><span style=\"color: #808080; font-family: helvetica, arial, sans-serif; font-size: 18pt;\">Begleitung von Eigent\u00fcmern bei der strukturellen Vorbereitung eines Unternehmensverkaufs oder einer Nachfolgel\u00f6sung.<\/span><\/p>\n<p><span style=\"font-family: helvetica, arial, sans-serif; font-size: 18pt;\"><!--more--><\/span><\/p>\n<ul>\n<li><span style=\"color: #808080; font-family: helvetica, arial, sans-serif; font-size: 18pt;\">Dauer: 6 &#8211; 12 Wochen<\/span><\/li>\n<li><span style=\"color: #808080; font-family: helvetica, arial, sans-serif; font-size: 18pt;\">Preis: ca. CHF 20&#8217;000 &#8211; 50&#8217;000 (nach Aufwand)<\/span><\/li>\n<\/ul>\n<p><span style=\"font-family: helvetica, arial, sans-serif; font-size: 18pt;\"><!--more--><\/span><\/p>\n<p><span style=\"color: #808080; font-family: helvetica, arial, sans-serif; font-size: 18pt;\">Schwerpunkte:<\/span><\/p>\n<ul>\n<li><span style=\"color: #808080; font-family: helvetica, arial, sans-serif; font-size: 18pt;\">Vorbereitung Unternehmensverkauf<\/span><\/li>\n<li><span style=\"color: #808080; font-family: helvetica, arial, sans-serif; font-size: 18pt;\">EBIT-Optimierung vor Verkauf<\/span><\/li>\n<li><span style=\"color: #808080; font-family: helvetica, arial, sans-serif; font-size: 18pt;\">Organisationsklarheit<\/span><\/li>\n<li><span style=\"color: #808080; font-family: helvetica, arial, sans-serif; font-size: 18pt;\">Aufbau F\u00fchrungsstruktur und F\u00fchrungscrew<\/span><\/li>\n<\/ul>\n<p>&nbsp;<\/p>\n<hr \/>\n<p>&nbsp;<\/p>\n<p><img fetchpriority=\"high\" decoding=\"async\" class=\"wp-image-581 aligncenter\" src=\"https:\/\/pbcag.ch\/wp-content\/uploads\/2026\/03\/jannonivergall-worker-5736096_1280-SW-e1773500276932-300x165.jpg\" alt=\"\" width=\"1108\" height=\"609\" srcset=\"https:\/\/pbcag.ch\/wp-content\/uploads\/2026\/03\/jannonivergall-worker-5736096_1280-SW-e1773500276932-300x165.jpg 300w, https:\/\/pbcag.ch\/wp-content\/uploads\/2026\/03\/jannonivergall-worker-5736096_1280-SW-e1773500276932-1024x562.jpg 1024w, https:\/\/pbcag.ch\/wp-content\/uploads\/2026\/03\/jannonivergall-worker-5736096_1280-SW-e1773500276932-768x421.jpg 768w, https:\/\/pbcag.ch\/wp-content\/uploads\/2026\/03\/jannonivergall-worker-5736096_1280-SW-e1773500276932.jpg 1267w\" sizes=\"(max-width: 1108px) 100vw, 1108px\" \/><\/p>\n<p><span style=\"font-family: helvetica, arial, sans-serif; font-size: 18pt;\"><!--more--><\/span><\/p>\n<p>&nbsp;<\/p>\n<table style=\"border-collapse: collapse; width: 98.622%;\">\n<tbody>\n<tr>\n<td style=\"width: 11.9116%;\"><a href=\"https:\/\/pbcag.ch\/?page_id=737\"><span style=\"font-family: helvetica, arial, sans-serif; font-size: 18pt;\"><img decoding=\"async\" class=\"alignnone wp-image-397\" src=\"https:\/\/pbcag.ch\/wp-content\/uploads\/2026\/03\/Telefon-300x162.png\" alt=\"\" width=\"111\" height=\"60\" srcset=\"https:\/\/pbcag.ch\/wp-content\/uploads\/2026\/03\/Telefon-300x162.png 300w, https:\/\/pbcag.ch\/wp-content\/uploads\/2026\/03\/Telefon.png 445w\" sizes=\"(max-width: 111px) 100vw, 111px\" \/><\/span><\/a><\/td>\n<td style=\"width: 87.4626%;\">\n<h3><span style=\"color: #808080; font-family: helvetica, arial, sans-serif; font-size: 14pt;\">Wir unterst\u00fctzen Ihr Unternehmen mit einem umfangreichen Dienstleistungsangebot. Nutzen Sie unser Knowhow und nehmen Sie Kontakt auf &#8211; von KMU zu KMU.<\/span><\/h3>\n<\/td>\n<\/tr>\n<\/tbody>\n<\/table>\n<h3><span style=\"color: #808080;\">\u00a0<\/span><\/h3>\n<p>&nbsp;<\/p>\n<p><span style=\"font-family: helvetica, arial, sans-serif; font-size: 10pt;\">*\u00a0 (Michael Richter, deutscher Zeithistoriker)<\/span><\/p>\n","protected":false},"excerpt":{"rendered":"<p>\u00abWas bleibt, ist die Ver\u00e4nderung; was sich ver\u00e4ndert, bleibt.*\u00bb Nachhaltige Ver\u00e4nderung entsteht nur, wenn die Mitarbeiter die Methoden verstehen und beherrschen. In unseren Aktivit\u00e4ten verbinden wir strategisches Management-Wissen mit der operativen Entwicklung Ihrer Leistungstr\u00e4ger. Darum beginnen viele Mandate mit einer strukturierten Standortanalyse. &nbsp;<\/p>\n","protected":false},"author":1,"featured_media":0,"parent":0,"menu_order":0,"comment_status":"closed","ping_status":"closed","template":"","meta":{"om_disable_all_campaigns":false,"_monsterinsights_skip_tracking":false,"_monsterinsights_sitenote_active":false,"_monsterinsights_sitenote_note":"","_monsterinsights_sitenote_category":0,"footnotes":""},"class_list":["post-164","page","type-page","status-publish","hentry"],"_links":{"self":[{"href":"https:\/\/pbcag.ch\/index.php?rest_route=\/wp\/v2\/pages\/164","targetHints":{"allow":["GET"]}}],"collection":[{"href":"https:\/\/pbcag.ch\/index.php?rest_route=\/wp\/v2\/pages"}],"about":[{"href":"https:\/\/pbcag.ch\/index.php?rest_route=\/wp\/v2\/types\/page"}],"author":[{"embeddable":true,"href":"https:\/\/pbcag.ch\/index.php?rest_route=\/wp\/v2\/users\/1"}],"replies":[{"embeddable":true,"href":"https:\/\/pbcag.ch\/index.php?rest_route=%2Fwp%2Fv2%2Fcomments&post=164"}],"version-history":[{"count":33,"href":"https:\/\/pbcag.ch\/index.php?rest_route=\/wp\/v2\/pages\/164\/revisions"}],"predecessor-version":[{"id":759,"href":"https:\/\/pbcag.ch\/index.php?rest_route=\/wp\/v2\/pages\/164\/revisions\/759"}],"wp:attachment":[{"href":"https:\/\/pbcag.ch\/index.php?rest_route=%2Fwp%2Fv2%2Fmedia&parent=164"}],"curies":[{"name":"wp","href":"https:\/\/api.w.org\/{rel}","templated":true}]}}